v) = -16*v + 1. Calculate t(k).
17
Let p(z) = 67*z + 1. Let h be 2/((42/30 + -1)/((-1)/5)). What is p(h)?
-66
Let z(k) = -22*k - 783. Let c(w) = -7*w - 243. Let r(s) = -13*c(s) + 4*z(s). Determine r(-7).
6
Let z(p) = p**3 + 2*p**2 - p - 6. Let t(v) = -27*v**3 - 7*v**2 + 6*v + 26. Let i(k) = -t(k) - 5*z(k). Calculate i(2).
166
Suppose -32 + 182 + 42 = -32*k. Let w(p) = p**3 + 5*p**2 - 11*p - 13. Give w(k).
17
Let u(t) = 3*t**2 + 35*t - 11. Let l be u(-12). Let h(a) be the second derivative of -47*a**4/12 - a**3/6 + 33*a - 1. Calculate h(l).
-48
Suppose 2*y = 0, -l = 3*l - 3*y + 20. Let v(w) = -3*w. Let g(n) = -2*n. Let z(s) = l*v(s) + 4*g(s). Give z(2).
14
Suppose -4*j = -2*s - 18, 89 = 4*j - s + 76. Let u(n) be the third derivative of n**6/120 - n**5/20 + n**3/6 - 2*n**2. What is u(j)?
-3
Let g be (-18)/4*(-18)/27. Let u(d) be the second derivative of 0*d**2 + 0 - d - 1/12*d**4 + 2/3*d**g. Give u(5).
-5
Suppose 0*p = -3*p + 186. Suppose -152 = -10*m - p. Suppose -m - 15 = -4*t. Let j(n) = n**2 - 8*n + 2. Determine j(t).
-10
Let c(p) = -15*p**2 + 1 + 75851*p - 75853*p + 18*p**2. Let z = -8 - -10. Calculate c(z).
9
Let b(u) be the second derivative of u**5/20 + 3*u**4/4 + 5*u**3/3 + u**2 - 12*u - 31. Calculate b(-5).
52
Let g(p) = -3*p**2 - p**2 - 1 - 26*p + 4 + 4 + 5. Give g(-7).
-2
Let f(z) = 9*z - 2. Suppose 5*w + 25 = -3*k, w + 8 = -k - 1. Let q be (-4)/k*(7/(-2) + 6). Give f(q).
7
Let q(v) be the first derivative of -v**3/3 - 5*v**2/2 + 4*v - 286. Calculate q(-7).
-10
Let d(p) = -14*p**2 - 26*p + 53. Let m be d(-3). Let h(n) = n**3 - 5*n**2 - 5*n + 27. Determine h(m).
2
Let q(t) = -35*t - 3 + 6*t + 31*t - t**2. Let a(v) = v - 3. Let r be a(9). Let f = r + -3. Calculate q(f).
-6
Suppose 268 = 2*n - 124. Let s = n - 193. Let o(i) = -i**3 + 4*i**2 - 2*i - 3. Determine o(s).
0
Let j(v) = -1 - 3*v**3 + 308*v - 2*v**3 - 310*v**2 - 2*v**3 + 303*v**2 - 300*v. Determine j(1).
-7
Suppose -9 + 1 = 2*v + 5*z, 5*v + 37 = -4*z. Let b be (24/18)/((-6)/v). Suppose 2*f - b = -6. Let h(a) = a + 2. What is h(f)?
0
Let g(t) = 11*t + 526. Let y = 17506 + -17554. Determine g(y).
-2
Let v = -9 - -8. Let c be (-7)/7*(10 + v). Let d(z) = 17*z + 67. Let o(p) = -15*p - 58. Let m(j) = 6*d(j) + 7*o(j). Calculate m(c).
23
Let u(k) = -2*k + 20. Suppose -3*a + 4*q + 20 = 0, -2*q + 1 = a - 19. Determine u(a).
-4
Suppose 0 = 2*w - 10 + 4. Suppose -5*k = -w*s + 161, 72 = s + 3*k - k. Let r = s - 56. Let b(f) = 2*f + 3. What is b(r)?
15
Let p = -2897 - -2897. Let i(w) be the second derivative of -13*w - 1/6*w**3 + 0 + p*w**2 - 1/12*w**4. Calculate i(-1).
0
Let t be (10/((-260)/273))/(1 + (-1)/4). Let a(q) = q**2 + 11*q - 40. Determine a(t).
2
Suppose -3*n + 22 = 7. Suppose -277*x - 78 = -303*x. Let p(g) = -7*g + 7 + 2*g**3 - g**3 - 6*g**x + 0*g**3 + 6*g**3 - 4*g**2. Give p(n).
-3
Let j(w) be the second derivative of 7*w**3/6 + 7*w**2/2 + 1923*w. Determine j(1).
14
Let w(o) = -10*o + 64. Let b = 10388 + -10378. Give w(b).
-36
Let t(k) be the second derivative of -5*k**4/4 - 89*k**3/6 - k**2 + 3*k - 174. What is t(-6)?
-8
Let z(v) = 9*v**2 + 2267*v**3 - 1145*v**3 - 1123*v**3 + 11*v - 9. What is z(10)?
1
Let j(b) be the third derivative of b**5/60 + b**4/4 + 13*b**3/6 - 14*b**2 - 28*b. Calculate j(-9).
40
Suppose -3*f - 3 = -42. Suppose -f*u = 4 - 30. Let y(v) = -2*v**2 - 2. Calculate y(u).
-10
Let i(m) = m**3 + 5*m**2 - 8*m - 6. Let x = -36 + 40. Suppose 24 = x*r - 8*r. Calculate i(r).
6
Let v(t) = -13*t**2 + 17*t + 8. Let o(k) = 5*k**2 - 6*k - 3. Let r(s) = -2*s**2 + 17*s - 22. Let c be r(6). Let a(l) = c*o(l) + 3*v(l). Determine a(-5).
10
Let m(o) be the first derivative of -5/3*o**3 + 64 + 0*o**2 + o. Give m(1).
-4
Suppose -5*i + 23 - 3 = 0. Suppose n - i*t = -16, -3*n - 11 - 9 = -5*t. Let b(o) = -27 + n*o**2 - 2*o + o**2 + 29. Calculate b(2).
2
Let b(f) = -f**2 - 9*f + 4. Let d(a) = 2*a**2 + 21*a - 7. Suppose 5*k = 14 - 79. Let j(v) = k*b(v) - 6*d(v). Give j(9).
-10
Let d(z) = -9 + 3 - 5 - 246*z + 254*z. Calculate d(-7).
-67
Let j(x) = x**2 + 9*x + 11. Let z(c) = 2*c**3 - 11*c**2 - 8*c + 13. Let v be z(6). Suppose 2*u - 3*u + v = 3*y, u = -y - 5. Calculate j(u).
3
Let l(z) be the first derivative of -z**2 - 12*z + 65. Let f be l(-2). Let g(x) = -x + 8. What is g(f)?
16
Let o(f) be the third derivative of -f**4/8 - f**3/2 - 39*f**2. Let x be o(0). Let s(n) = 2*n + 1. What is s(x)?
-5
Let a(r) = -3*r**3 + 7*r**2 - 5*r - 8. Let f(u) = -2*u**3 + 7*u**2 - 6*u - 9. Let b(d) = 3*a(d) - 4*f(d). Let w(v) = 7*v + 230. Let j be w(-34). Determine b(j).
4
Let g(a) = a**2 + 3*a**2 + 2 - 18 + 2*a**2 - 5*a**2. What is g(0)?
-16
Let n(h) = -h**3 + 81*h**2 - 84*h + 335. Let c be n(80). Let x(o) = -o**2 + 13*o - 21. Calculate x(c).
-51
Let z(c) = -228*c - 108. Let u(a) = 365*a + 163. Let b(v) = 5*u(v) + 8*z(v). Calculate b(16).
-33
Let g be 84/(-105)*(-30)/12 - (-3)/(-2). Let z(b) be the first derivative of g*b**2 + 14 + 1/3*b**3 - 28*b. Give z(0).
-28
Let j(b) = 3*b**2 + 26*b + 4. Let w be 22/3*9/(-6). Let r be j(w). Let i = r + -75. Let o(q) = 3*q + 1. Give o(i).
19
Let l(m) = m**3 + 5*m**2 - 6*m - 3. Let t be l(-6). Let v(p) = -5*p + 16. Let r be v(0). Let f(u) = 3*u + 3 + 4 + 5 - r. Determine f(t).
-13
Let b(n) = -22874 + 22937 - 19*n - 5*n. Determine b(3).
-9
Let u(s) be the third derivative of -s**5/60 + 7*s**4/8 - 49*s**3/3 + 6604*s**2. Give u(6).
-8
Let z(b) be the first derivative of b**2 - 2*b + 311. Suppose -v = -0*v + 21. Let l = -19 - v. Calculate z(l).
2
Let q(d) = -d - 12. Suppose -5 = 5*c, -4*w + c + 1 = -7*w. Suppose -9*l + 421 - 151 = 0. Suppose 4*y + 3*j + l = w, 3*j = 3*y + 10 + 2. Calculate q(y).
-6
Let v(i) = -i - 13. Let y(g) = 14. Let z(l) = -2*v(l) + y(l). Determine z(-22).
-4
Let h(b) = 4*b + 12. Let f be h(8). Suppose f*i - 4 = 42*i. Let w(p) = -p**2 + p - 2. What is w(i)?
-4
Let i(q) = 57*q - 172. Let k be 1113/106*4/14. Determine i(k).
-1
Let s = 18860 - 18861. Let y(z) = -102*z**2 + 3*z + 2. Calculate y(s).
-103
Let n(m) be the third derivative of 0 + 3/20*m**5 + 0*m - 2/3*m**3 + 71*m**2 - 11/24*m**4 + 1/120*m**6. What is n(-10)?
6
Let q be (17 - 24)*(1 + (-74)/14). Let c be (3 + -6)/(q/(-20)). Suppose 24 = -c*r + 6. Let u(y) = y**3 + 8*y**2 - 7*y + 6. Give u(r).
-12
Let s(l) = -12*l - 13. Let t = 2586 + -2586. Determine s(t).
-13
Let q(u) = 3*u**2 + 8*u + 11. Let z(d) = -8*d**2 - 22*d - 32. Let c(o) = 11*q(o) + 4*z(o). Suppose -2*w = -3*l + 10, -5*l - 18 = -6*l - 3*w. What is c(l)?
29
Let w(m) = -m**3 - 4*m**2 + 5*m + 5. Let n be 3 - (1 + (-2 - -3)). Let c = n + -3. Let p be 2/c*45/9. Calculate w(p).
5
Suppose 21*w - 21 = 14*w. Let h(s) = -97 + 4*s**w + 49 + 49 + s. Calculate h(-1).
-4
Suppose -u = 4*o + 48, -11*u = -2*o - 9*u - 34. Let v(z) = z**2 + 10*z - 27. Give v(o).
12
Let p(x) = -2*x**2 - 4*x. Let b(y) = y**3 + 9*y**2 - 9*y + 10. Let a be b(-10). Let j be p(a). Let o(l) = -2*l - 13. Calculate o(j).
-13
Let j(o) = -7*o**3 + 67*o**3 + 6 - 29*o**3 + 2*o - 15*o**3 - 6*o**2 - 15*o**3. Let s(q) = -3*q - 6. Let l be s(-4). Give j(l).
18
Let o = 4 + -3. Let q(y) be the second derivative of -y**5/10 + y**4/24 + y**2/2 - 6*y. Let a(g) be the first derivative of q(g). Give a(o).
-5
Let h(t) be the second derivative of -t**6/360 - t**5/24 - t**4/24 - 7*t**3/2 + 17*t. Let z(q) be the second derivative of h(q). Calculate z(-5).
-1
Let f(o) = 40*o**2 + o. Let p be f(-3). Let m = 352 - p. Let x(g) be the third derivative of -g**6/120 - g**5/12 - g**4/12 - 7*g**3/6 + 2*g**2. Give x(m).
3
Let z be 35/35*(3 - -1). Let g(x) = -3*x**2 - 4*x - 6. Determine g(z).
-70
Let a(q) = 8*q**3 + 9*q**2 + 12*q - 42. Let i(v) = -5*v**3 - 5*v**2 - 6*v + 23. Let y(u) = 3*a(u) + 5*i(u). What is y(2)?
1
Let w(r) = 266 - 6*r - r**3 + 6*r**2 - 427 + 159. What is w(3)?
7
Let j(y) = -y**2 + 14*y - 30. Let k = 19747 + -19733. Give j(k).
-30
Let l(b) be the second derivative of -b**3/3 + 35*b**2/2 - 1060*b. Determine l(28).
-21
Let g(i) = -i**3 + 6*i**2 + 10*i + 2. Let b(m) = -2*m**3 - 5*m**2 + 36*m + 107. Let w be b(-3). Determine g(w).
-46
Let r(p) = -2*p**2 + 106*p - 10. Let t(v) = v**2 - 49*v + 5. Let i(x) = 7*r(x) + 15*t(x). What is i(-7)?
5
Let r(j) = j - 8. Suppose -200*h = -190*h - 130. Suppose 2*u + h = -c - 2*u, 4*u = -5*c - 33. Determine r(c).
-13
Let p(r) = r**2 + 11*r - 7227 + 144